
True
Is 40/6 - (-3)/9 a multiple of 7?
True
Let o be (-6)/(-21) - (-74)/(-14). Let w = o + 13. Does 4 divide w?
True
Let g(h) = -31*h**3 + 2*h**2 - h - 3. Is g(-1) a multiple of 3?
False
Suppose -4*d + 3*u = -0*d + 1, -3*d = u - 9. Suppose -50 = c - d*c. Is 21 a factor of c?
False
Let t = 123 + -64. Does 24 divide t?
False
Let f(k) = 60*k + 9. Let w(n) = -20*n - 3. Let u(v) = -6*f(v) - 17*w(v). Is 39 a factor of u(-6)?
True
Suppose -f - 476 = -4*a, -f + 195 = 3*a - 169. Is a a multiple of 13?
False
Let w = -61 + 84. Is 4 a factor of w?
False
Suppose -4*l - 3*s = -32, 40 = 5*l - 0*l - 2*s. Let x be ((-135)/(-6))/(3/l). Suppose 2*j = -4*d + 2*d + x, j + 54 = 2*d. Is 14 a factor of d?
True
Suppose 329 = 4*i + z, i + 37 = z + 118. Is 41 a factor of i?
True
Suppose 4*p = -r + 232, 3*p - 7*r + 2*r = 197. Let y = p - 24. Is y a multiple of 13?
False
Suppose 0 = 3*w + 4*w - 287. Is 41 a factor of w?
True
Let a(d) = -d**2 + d + 2. Let v be a(6). Let f = -18 - v. Does 10 divide f?
True
Let q be -2*1/4*6. Let i = 2 + q. Let d(u) = -20*u + 1. Is 7 a factor of d(i)?
True
Suppose 4*q - 51 = 45. Is 12 a factor of q?
True
Let z = 3 - 2. Let g(o) = -28*o**2 - 5*o + 6. Let i(p) = -27*p**2 - 6*p + 7. Let c(s) = -6*g(s) + 5*i(s). Is 16 a factor of c(z)?
True
Let w = 0 - -32. Is 5 a factor of w?
False
Suppose -2*f = -5*y - 80, 5*f = 6*f - 3*y - 40. Is 19 a factor of f?
False
Is 830/35 + (-2)/(-7) a multiple of 3?
True
Does 19 divide 93/1*(-2)/(6/(-3))?
False
Let w = -17 - -19. Suppose -5 = -w*i - v + 19, -5*i + 2*v + 69 = 0. Is 11 a factor of i?
False
Let a(s) = s**3 + 7*s**2 + 5*s - 2. Let n be a(-6). Suppose n*c = -2*u + 42, 6*u + 2*c - 47 = 3*u. Is u a multiple of 12?
False
Let s = -97 - -163. Is 29 a factor of s?
False
Let r(p) = p**3 - 6*p**2 - 6*p + 4. Let q(x) = x**3 - 6*x**2 - 5*x + 3. Let z(k) = 3*q(k) - 4*r(k). Does 16 divide z(6)?
False
Suppose 21 = 5*n - o, 2*o - 17 = -n - o. Suppose -2*h - 2*r = -5*r - 114, n*r + 290 = 5*h. Is h a multiple of 20?
True
Suppose 5*v + 2*c = -2 + 6, -15 = -3*v + 3*c. Suppose 5*n - 80 = v*b - 7*b, -4*b = -5*n + 116. Let j = n + -3. Is j a multiple of 9?
False
Let r(p) be the third derivative of p**5/30 + 3*p**4/8 - 2*p**3/3 - 8*p**2. Is 24 a factor of r(-8)?
False
Let v(i) = -i**2 + 14. Let g be v(0). Let x = g + -11. Does 2 divide x?
False
Suppose -2*p = -2*z + 82 - 474, 2*p + 2*z = 400. Suppose -i + 6*i - 213 = -b, 4*b + p = 5*i. Is 16 a factor of i?
False
Let f = 234 - 139. Does 19 divide f?
True
Suppose -4*l = -2*l - 6. Suppose q + l*q + 16 = 4*p, 0 = 5*p + 5*q + 10. Suppose p = i - 5*j, 10*i - 5*i = j + 125. Does 22 divide i?
False
Let u(l) = -l**3 + 17*l**2 - 6*l - 18. Is 12 a factor of u(16)?
False
Suppose 2*f = 3*f - 2. Suppose -f*n + j + 7 = -41, -n - j + 24 = 0. Suppose 4*w + 0*w = n. Is w a multiple of 3?
True
Let m(k) = k**2 - 3 + 6 - 2*k**2 - 5*k. Let g be m(-5). Let l(z) = 2*z + 1. Is l(g) a multiple of 3?
False
Let l be 2/4 + 286/4. Let n be l/(-2) + (3 - 3). Is (n/(-7))/((-3)/(-14)) a multiple of 24?
True
Let x(i) = -4*i + 4. Let z be x(4). Let v = z + 17. Is v a multiple of 3?
False
Let f(h) = -96*h - 1. Does 25 divide f(-1)?
False
Suppose -3*i + 23 = -j, -3 = j - 1. Suppose 97 = 4*a - 95. Suppose -4*n = 2*d - a, -i*n + 2*n + 54 = d. Is n a multiple of 7?
False
Suppose -10*a = -7*a - 66. Does 22 divide a?
True
Let g(j) = 2*j**3 - 5*j**2 + j + 4. Let n be g(3). Suppose -3*a = -n - 2. Suppose 0 = 3*o - 48 - a. Is o a multiple of 9?
True
Let b = -6 + 9. Suppose -4 = -4*d + b*d. Does 4 divide d?
True
Let o = -23 + 28. Suppose -4*c + 38 = o*y, 5*y = -0*c + 2*c - 4. Is 3 a factor of c?
False
Suppose -6*t = -3*t - 393. Is t a multiple of 14?
False
Let c be (-70)/2 + 60/15. Let k = 46 + c. Does 15 divide k?
True
Let d(z) be the second derivative of z**5/5 - z**3/6 + z**2/2 + z. Does 15 divide d(2)?
False
Suppose 2*w = -3 - 5. Let r be w/18 + (-20)/(-9). Suppose r*a + 0*a = 40. Is 9 a factor of a?
False
Let q = 8 + -6. Suppose 4*a - 23 = 3*l, -2*l - 7 = -q*a + 5. Does 5 divide a?
True
Let y be ((-9)/6)/(3/(-120)). Suppose -6*l + 4*l = -y. Is l a multiple of 8?
False
Let j(s) be the third derivative of s**4/6 - s**3/2 - 3*s**2. Suppose -7*o + 5*o + k + 8 = 0, 4*k = o + 10. Does 12 divide j(o)?
False
Suppose r = 148 - 35. Is r a multiple of 24?
False
Let f(o) = -3*o + 5*o**3 - 2*o**3 - 4*o**3 - 7 + 12*o**2 - 4*o. Let q = -18 + 29. Does 13 divide f(q)?
False
Let o be 6*(-1 - 135/(-6)). Suppose -251 = -4*p + 5*s, -2*p + o = -0*s + s. Does 10 divide p/2 - 1*2?
True
Let y(f) = 4*f + 2 + 0*f - 32 + 15. Is 6 a factor of y(6)?
False
Let b(t) = t**3 + 8*t**2 + 4*t + 5. Let m be b(-7). Suppose -134 = -2*s + 5*s - l, 0 = -s + 5*l - m. Let g = s - -77. Is g a multiple of 18?
False
Suppose -1 = -2*g + g + 2*s, -4 = s. Let m(r) = -7*r**2 - 2*r - 1. Let f be m(-2). Let i = g - f. Is 18 a factor of i?
True
Suppose -p - 177 = -3*f, 5*p + 43 + 2 = f. Let m = f - -12. Is 24 a factor of m?
True
Suppose -2*u - 2*x + 214 = 0, 5*u - 3*x - 536 = -7*x. Is u a multiple of 13?
False
Let x(g) = -8*g**3 - 30*g**2 - 15*g + 22. Let j(k) = -3*k**3 - 10*k**2 - 5*k + 7. Let h(b) = 11*j(b) - 4*x(b). Does 13 divide h(10)?
True
Let r be 1*4 + 0/4. Suppose -r*g + a = 6*a - 176, 0 = 3*g + 5*a - 132. Suppose -5*k + 16 = -g. Is k a multiple of 6?
True
Let y be (3 - 3) + 2 + -5. Let b(x) = x**3 + 4*x**2 + x - 3. Let g be b(y). Is (-120)/(-9)*(6 - g) a multiple of 20?
True
Let p(v) be the first derivative of 2*v + 1/3*v**3 - 2 - v**2. Does 12 divide p(6)?
False
Suppose 21*a = 947 + 2056. Is a a multiple of 11?
True
Suppose -241 = -5*f + 2*j, 2*f + j = 51 + 49. Is f a multiple of 49?
True
Suppose 97 = 4*i - 311. Suppose -5*n + 93 = -i. Suppose -5*a - 4 = -n. Is 7 a factor of a?
True
Suppose -12 = 4*i + 8, 2*j - 136 = 4*i. Does 26 divide j?
False
Let p = -23 + -13. Suppose 0 = 7*b - 3*b - 220. Let w = b + p. Does 19 divide w?
True
Suppose h - 7 - 3 = 0. Is 7 a factor of h?
False
Let y be ((-8)/(-10))/((-2)/(-60)). Suppose -4*o + 0*o = -y. Is 3 a factor of o?
True
Suppose 5*q + 5*j = 2*j + 90, 0 = q + 3*j - 30. Is 2 a factor of q?
False
Is 12 a factor of (-842)/(-7) + (0 - 2/7)?
True
Let u(j) = 12*j. Let i(y) = 13*y - 1. Let s(w) = -4*i(w) + 5*u(w). Suppose -2*c - 5*v + 26 = 0, -2*v - 3*v + 11 = -3*c. Is s(c) a multiple of 14?
True
Does 25 divide (-2 + (-2 - -3))*-50?
True
Let u be 0/(-4) - (1 + 1). Let c = u + 4. Is (2 + 4*3)*c a multiple of 14?
True
Let v(k) be the first derivative of k**4/12 - k**3/2 - 3*k**2/2 - 2*k - 2. Let y(c) be the first derivative of v(c). Does 3 divide y(5)?
False
Suppose 2*i + i = 0. Let v = i + 2. Suppose -v*p - 3*t + 31 + 2 = 0, -2*p = -2*t - 8. Does 9 divide p?
True
Let z be -1 + (0 - 0)/(-2). Let g = -6 - z. Let a(v) = v**3 + 5*v**2 - 3*v - 3. Does 8 divide a(g)?
False
Let j(h) = 45*h**2 + 1. Let i be j(1). Let f be i/14 - 4/14. Let z = f - -2. Is 5 a factor of z?
True
Suppose 0 = -3*g - g - 12. Is (-279)/(-5) - g/15 a multiple of 28?
True
Let i = 9 + -3. Let l(q) = q**3 - 5*q**2 - 4*q - 3. Is 3 a factor of l(i)?
True
Let r(p) = 7*p - 5. Suppose 3*b - 5*b = 16. Let l(s) = 5*s - 3. Let z(c) = b*l(c) + 5*r(c). Does 2 divide z(-1)?
True
Suppose 43 + 17 = 4*s. Does 5 divide s?
True
Suppose -j + 157 = 3*h, 3*h - j - j - 172 = 0. Does 27 divide h?
True
Let j(h) = -h - 1. Let t be j(-1). Suppose -3*y - 20 = -4*b, -b + y - 5*y + 24 = t. Is 8 a factor of b?
True
Let v(n) = -n + 36. Let r be v(0). Suppose -2*g - g = -r. Does 4 divide g?
True
Suppose 3*a = h - 2*a + 46, -4*h - 5*a - 134 = 0. Let b(o) = o**3 + 13*o**2 + 9*o + 16. Let t be b(-12). Let q = t + h. Does 8 divide q?
True
Suppose 4*a = 2*a + 2. Let u be 0/(a*(-2 - -4)). Suppose -2*n + u*n = -22. Is 5 a factor of n?
False
Let t = -9 - -29. Let l = t - 12. Suppose -l = u + 3*u, 3*f + 3*u = 99. Is 18 a factor of f?
False
Suppose 1 = 2*o + 3. Let g be 6 + 3 + o + -1. Suppose 2*d - g*d = -85. Is 17 a factor of d?
True
Let k(j) = j**3 - 5*j**2 + 4*j - 1. Let u be k(5). Let l = 0 + u. Is l a multiple of 4?
False
Let h(y) = -5*y**3 + 7*y**2 + 5*y - 6. Let a(q) = 11*q**3 - 14*q**2 - 10*q + 13. Let r(g) = -6*a(g) - 13*h(g). Let b be r(-6). Is 15 a factor of 2/b - (-76)/3?
False
Let t = 2 - -92. Is 23 a factor of t?
False
Is (-1)/(3/18*-1) even?
True
Let y be 10/8*(10 - 2). Let p = y 